{"id":1640,"date":"2019-05-23T12:52:30","date_gmt":"2019-05-23T15:52:30","guid":{"rendered":"https:\/\/autoescolaveneza.com\/?page_id=1640"},"modified":"2025-01-19T13:11:36","modified_gmt":"2025-01-19T16:11:36","slug":"contato","status":"publish","type":"page","link":"https:\/\/autoescolaveneza.com\/index.php\/contato\/","title":{"rendered":"Contato"},"content":{"rendered":"<div class=\"fusion-fullwidth fullwidth-box fusion-builder-row-1 nonhundred-percent-fullwidth non-hundred-percent-height-scrolling\" style=\"--awb-border-radius-top-left:0px;--awb-border-radius-top-right:0px;--awb-border-radius-bottom-right:0px;--awb-border-radius-bottom-left:0px;--awb-flex-wrap:wrap;\" ><div class=\"fusion-builder-row fusion-row\"><div class=\"fusion-layout-column fusion_builder_column fusion-builder-column-0 fusion_builder_column_1_1 1_1 fusion-one-full fusion-column-first fusion-column-last\" style=\"--awb-bg-size:cover;\"><div class=\"fusion-column-wrapper fusion-column-has-shadow fusion-flex-column-wrapper-legacy\"><div class=\"fusion-text fusion-text-1\"><h2><span style=\"color: #ffffff;\"><em>FALE COM A GENTE<\/em><\/span><\/h2>\n<p><span style=\"color: #ffffff;\">Aproveite nossas promo\u00e7\u00f5es e solicite agora um or\u00e7amento da sua CNH preenchendo o formul\u00e1rio abaixo.<\/span><\/p>\n<p><span style=\"color: #ffffff;\">Voc\u00ea ter\u00e1 varios beneficios tirando sua CNH com a gente:<\/span><\/p>\n<p><span style=\"color: #ffffff;\">\u2666 Alto \u00edndice de aprova\u00e7\u00e3o.<\/span><\/p>\n<p><span style=\"color: #ffffff;\">\u2666 Parcelas que cabem no seu bolso.<\/span><\/p>\n<p><span style=\"color: #ffffff;\">\u2666 Instrutores calmos, experientes e capacitados.<\/span><\/p>\n<p><span style=\"color: #ffffff;\">\u2666 Agilidade no processo.<\/span><\/p>\n<p><span style=\"color: #ffffff;\">\u2666 Ve\u00edculos novos.<\/span><\/p>\n<p><span style=\"color: #ffffff;\">\u2666 25 Anos de tradi\u00e7\u00e3o.<\/span><\/p>\n<p><span style=\"color: #ffffff;\">E muito mais&#8230;<\/span><\/p>\n<\/div><div class=\"fusion-clearfix\"><\/div><\/div><\/div><div class=\"fusion-layout-column fusion_builder_column fusion-builder-column-1 fusion_builder_column_1_2 1_2 fusion-one-half fusion-column-first\" style=\"--awb-bg-size:cover;width:50%;width:calc(50% - ( ( 4% ) * 0.5 ) );margin-right: 4%;\"><div class=\"fusion-column-wrapper fusion-column-has-shadow fusion-flex-column-wrapper-legacy\">\n<div class=\"wpcf7 no-js\" id=\"wpcf7-f1536-o1\" lang=\"pt-BR\" dir=\"ltr\" data-wpcf7-id=\"1536\">\n<div class=\"screen-reader-response\"><p role=\"status\" aria-live=\"polite\" aria-atomic=\"true\"><\/p> <ul><\/ul><\/div>\n<form action=\"\/index.php\/wp-json\/wp\/v2\/pages\/1640#wpcf7-f1536-o1\" method=\"post\" class=\"wpcf7-form init\" aria-label=\"Formul\u00e1rios de contato\" novalidate=\"novalidate\" data-status=\"init\">\n<fieldset class=\"hidden-fields-container\"><input type=\"hidden\" name=\"_wpcf7\" value=\"1536\" \/><input type=\"hidden\" name=\"_wpcf7_version\" value=\"6.1.5\" \/><input type=\"hidden\" name=\"_wpcf7_locale\" value=\"pt_BR\" \/><input type=\"hidden\" name=\"_wpcf7_unit_tag\" value=\"wpcf7-f1536-o1\" \/><input type=\"hidden\" name=\"_wpcf7_container_post\" value=\"0\" \/><input type=\"hidden\" name=\"_wpcf7_posted_data_hash\" value=\"\" \/><input type=\"hidden\" name=\"_wpcf7_recaptcha_response\" value=\"\" \/>\n<\/fieldset>\n<p><label> <span style=\"color: #ffffff;\">SEU NOME (obrigat\u00f3rio) <\/span><br \/>\n<span class=\"wpcf7-form-control-wrap\" data-name=\"your-name\"><input size=\"40\" maxlength=\"400\" class=\"wpcf7-form-control wpcf7-text wpcf7-validates-as-required\" aria-required=\"true\" aria-invalid=\"false\" value=\"\" type=\"text\" name=\"your-name\" \/><\/span> <\/label>\n<\/p>\n<p><label> <span style=\"color: #ffffff;\">SEU EMAIL (obrigat\u00f3rio) <\/span><br \/>\n<span class=\"wpcf7-form-control-wrap\" data-name=\"your-email\"><input size=\"40\" maxlength=\"400\" class=\"wpcf7-form-control wpcf7-email wpcf7-validates-as-required wpcf7-text wpcf7-validates-as-email\" aria-required=\"true\" aria-invalid=\"false\" value=\"\" type=\"email\" name=\"your-email\" \/><\/span> <\/label>\n<\/p>\n<p><label> <span style=\"color: #ffffff;\">WHATSAPP (obrigat\u00f3rio)<\/span><br \/>\n<span class=\"wpcf7-form-control-wrap\" data-name=\"tel-621\"><input size=\"40\" maxlength=\"400\" class=\"wpcf7-form-control wpcf7-tel wpcf7-validates-as-required wpcf7-text wpcf7-validates-as-tel\" aria-required=\"true\" aria-invalid=\"false\" value=\"\" type=\"tel\" name=\"tel-621\" \/><\/span> <\/label>\n<\/p>\n<p><label> <span style=\"color: #ffffff;\">SUA MENSAGEM <\/span><br \/>\n<span class=\"wpcf7-form-control-wrap\" data-name=\"your-message\"><textarea cols=\"40\" rows=\"10\" maxlength=\"2000\" class=\"wpcf7-form-control wpcf7-textarea\" aria-invalid=\"false\" name=\"your-message\"><\/textarea><\/span> <\/label>\n<\/p>\n<p><input class=\"wpcf7-form-control wpcf7-submit has-spinner\" type=\"submit\" value=\"Enviar\" \/>\n<\/p><div class=\"fusion-alert alert custom alert-custom fusion-alert-center wpcf7-response-output fusion-alert-capitalize awb-alert-native-link-color alert-dismissable awb-alert-close-boxed\" style=\"--awb-border-top-left-radius:0px;--awb-border-top-right-radius:0px;--awb-border-bottom-left-radius:0px;--awb-border-bottom-right-radius:0px;\" role=\"alert\"><div class=\"fusion-alert-content-wrapper\"><span class=\"fusion-alert-content\"><\/span><\/div><button type=\"button\" class=\"close toggle-alert\" data-dismiss=\"alert\" aria-label=\"Close\">&times;<\/button><\/div>\n<\/form>\n<\/div>\n<div class=\"fusion-clearfix\"><\/div><\/div><\/div><div class=\"fusion-layout-column fusion_builder_column fusion-builder-column-2 fusion_builder_column_1_2 1_2 fusion-one-half fusion-column-last\" style=\"--awb-bg-size:cover;width:50%;width:calc(50% - ( ( 4% ) * 0.5 ) );\"><div class=\"fusion-column-wrapper fusion-column-has-shadow fusion-flex-column-wrapper-legacy\"><div class=\"fusion-sep-clear\"><\/div><div class=\"fusion-separator fusion-full-width-sep\" style=\"margin-left: auto;margin-right: auto;margin-top:50px;width:100%;\"><\/div><div class=\"fusion-sep-clear\"><\/div><div class=\"fusion-text fusion-text-2\"><p><span style=\"color: #ffffff;\">Autoescola Veneza<\/span><br \/>\n<span style=\"color: #ffffff;\">Rua Rangel Pestana, 700<\/span><br \/>\n<span style=\"color: #ffffff;\">Bairro: Vila Virginia<\/span><br \/>\n<span style=\"color: #ffffff;\">Ribeir\u00e3o Preto \u2013 SP<\/span><br \/>\n<span style=\"color: #ffffff;\">CEP:14030-210<\/span><br \/>\n<span style=\"color: #ffffff;\">Email:\u00a0<a style=\"color: #ffffff;\" href=\"mailto:cfcveneza@yahoo.com\">cfcveneza@yahoo.com<\/a><\/span><\/p>\n<p><a href=\"tel:1636204017\"><span style=\"color: #ffffff;\">Tel: (16) 3620-4017<\/span><\/a><br \/>\n<span style=\"color: #ffffff;\">Whatsapp:(16)<a style=\"color: #ffffff;\" href=\"http:\/\/api.whatsapp.com\/send?1=pt_BR&amp;phone=5516988678098\">98867-8098<\/a><\/span><\/p>\n<\/div><div class=\"fusion-clearfix\"><\/div><\/div><\/div><\/div><\/div>\n","protected":false},"excerpt":{"rendered":"","protected":false},"author":1,"featured_media":0,"parent":0,"menu_order":0,"comment_status":"closed","ping_status":"closed","template":"","meta":{"footnotes":""},"class_list":["post-1640","page","type-page","status-publish","hentry"],"yoast_head":"<!-- This site is optimized with the Yoast SEO plugin v27.4 - https:\/\/yoast.com\/product\/yoast-seo-wordpress\/ -->\n<title>Contato - Autoescola Veneza em Ribeir\u00e3o Preto - SP<\/title>\n<meta name=\"robots\" content=\"index, follow, max-snippet:-1, max-image-preview:large, max-video-preview:-1\" \/>\n<link rel=\"canonical\" href=\"https:\/\/autoescolaveneza.com\/index.php\/contato\/\" \/>\n<meta property=\"og:locale\" content=\"pt_BR\" \/>\n<meta property=\"og:type\" content=\"article\" \/>\n<meta property=\"og:title\" content=\"Contato - Autoescola Veneza em Ribeir\u00e3o Preto - SP\" \/>\n<meta property=\"og:url\" content=\"https:\/\/autoescolaveneza.com\/index.php\/contato\/\" \/>\n<meta property=\"og:site_name\" content=\"Autoescola Veneza em Ribeir\u00e3o Preto - SP\" \/>\n<meta property=\"article:publisher\" content=\"https:\/\/www.facebook.com\/Autoescolaedespachanteveneza\/\" \/>\n<meta property=\"article:modified_time\" content=\"2025-01-19T16:11:36+00:00\" \/>\n<meta property=\"og:image\" content=\"https:\/\/autoescolaveneza.com\/wp-content\/uploads\/2018\/09\/Logo-AE-300-dpi.png\" \/>\n\t<meta property=\"og:image:width\" content=\"202\" \/>\n\t<meta property=\"og:image:height\" content=\"103\" \/>\n\t<meta property=\"og:image:type\" content=\"image\/png\" \/>\n<meta name=\"twitter:card\" content=\"summary_large_image\" \/>\n<meta name=\"twitter:label1\" content=\"Est. tempo de leitura\" \/>\n\t<meta name=\"twitter:data1\" content=\"1 minuto\" \/>\n<script type=\"application\/ld+json\" class=\"yoast-schema-graph\">{\"@context\":\"https:\\\/\\\/schema.org\",\"@graph\":[{\"@type\":\"WebPage\",\"@id\":\"https:\\\/\\\/autoescolaveneza.com\\\/index.php\\\/contato\\\/\",\"url\":\"https:\\\/\\\/autoescolaveneza.com\\\/index.php\\\/contato\\\/\",\"name\":\"Contato - Autoescola Veneza em Ribeir\u00e3o Preto - SP\",\"isPartOf\":{\"@id\":\"https:\\\/\\\/autoescolaveneza.com\\\/#website\"},\"datePublished\":\"2019-05-23T15:52:30+00:00\",\"dateModified\":\"2025-01-19T16:11:36+00:00\",\"breadcrumb\":{\"@id\":\"https:\\\/\\\/autoescolaveneza.com\\\/index.php\\\/contato\\\/#breadcrumb\"},\"inLanguage\":\"pt-BR\",\"potentialAction\":[{\"@type\":\"ReadAction\",\"target\":[\"https:\\\/\\\/autoescolaveneza.com\\\/index.php\\\/contato\\\/\"]}]},{\"@type\":\"BreadcrumbList\",\"@id\":\"https:\\\/\\\/autoescolaveneza.com\\\/index.php\\\/contato\\\/#breadcrumb\",\"itemListElement\":[{\"@type\":\"ListItem\",\"position\":1,\"name\":\"In\u00edcio\",\"item\":\"https:\\\/\\\/autoescolaveneza.com\\\/\"},{\"@type\":\"ListItem\",\"position\":2,\"name\":\"Contato\"}]},{\"@type\":\"WebSite\",\"@id\":\"https:\\\/\\\/autoescolaveneza.com\\\/#website\",\"url\":\"https:\\\/\\\/autoescolaveneza.com\\\/\",\"name\":\"Autoescola Veneza em Ribeir\u00e3o Preto - SP\",\"description\":\"Autoescola Veneza em Ribeir\u00e3o Preto!\",\"publisher\":{\"@id\":\"https:\\\/\\\/autoescolaveneza.com\\\/#organization\"},\"potentialAction\":[{\"@type\":\"SearchAction\",\"target\":{\"@type\":\"EntryPoint\",\"urlTemplate\":\"https:\\\/\\\/autoescolaveneza.com\\\/?s={search_term_string}\"},\"query-input\":{\"@type\":\"PropertyValueSpecification\",\"valueRequired\":true,\"valueName\":\"search_term_string\"}}],\"inLanguage\":\"pt-BR\"},{\"@type\":\"Organization\",\"@id\":\"https:\\\/\\\/autoescolaveneza.com\\\/#organization\",\"name\":\"Autoescola Veneza em Ribeir\u00e3o Preto\",\"url\":\"https:\\\/\\\/autoescolaveneza.com\\\/\",\"logo\":{\"@type\":\"ImageObject\",\"inLanguage\":\"pt-BR\",\"@id\":\"https:\\\/\\\/autoescolaveneza.com\\\/#\\\/schema\\\/logo\\\/image\\\/\",\"url\":\"https:\\\/\\\/autoescolaveneza.com\\\/wp-content\\\/uploads\\\/2018\\\/07\\\/Logo-site-header-e1534345976454.png\",\"contentUrl\":\"https:\\\/\\\/autoescolaveneza.com\\\/wp-content\\\/uploads\\\/2018\\\/07\\\/Logo-site-header-e1534345976454.png\",\"width\":400,\"height\":203,\"caption\":\"Autoescola Veneza em Ribeir\u00e3o Preto\"},\"image\":{\"@id\":\"https:\\\/\\\/autoescolaveneza.com\\\/#\\\/schema\\\/logo\\\/image\\\/\"},\"sameAs\":[\"https:\\\/\\\/www.facebook.com\\\/Autoescolaedespachanteveneza\\\/\",\"https:\\\/\\\/www.instagram.com\\\/aeveneza\\\/\"]}]}<\/script>\n<!-- \/ Yoast SEO plugin. -->","yoast_head_json":{"title":"Contato - Autoescola Veneza em Ribeir\u00e3o Preto - SP","robots":{"index":"index","follow":"follow","max-snippet":"max-snippet:-1","max-image-preview":"max-image-preview:large","max-video-preview":"max-video-preview:-1"},"canonical":"https:\/\/autoescolaveneza.com\/index.php\/contato\/","og_locale":"pt_BR","og_type":"article","og_title":"Contato - Autoescola Veneza em Ribeir\u00e3o Preto - SP","og_url":"https:\/\/autoescolaveneza.com\/index.php\/contato\/","og_site_name":"Autoescola Veneza em Ribeir\u00e3o Preto - SP","article_publisher":"https:\/\/www.facebook.com\/Autoescolaedespachanteveneza\/","article_modified_time":"2025-01-19T16:11:36+00:00","og_image":[{"width":202,"height":103,"url":"https:\/\/autoescolaveneza.com\/wp-content\/uploads\/2018\/09\/Logo-AE-300-dpi.png","type":"image\/png"}],"twitter_card":"summary_large_image","twitter_misc":{"Est. tempo de leitura":"1 minuto"},"schema":{"@context":"https:\/\/schema.org","@graph":[{"@type":"WebPage","@id":"https:\/\/autoescolaveneza.com\/index.php\/contato\/","url":"https:\/\/autoescolaveneza.com\/index.php\/contato\/","name":"Contato - Autoescola Veneza em Ribeir\u00e3o Preto - SP","isPartOf":{"@id":"https:\/\/autoescolaveneza.com\/#website"},"datePublished":"2019-05-23T15:52:30+00:00","dateModified":"2025-01-19T16:11:36+00:00","breadcrumb":{"@id":"https:\/\/autoescolaveneza.com\/index.php\/contato\/#breadcrumb"},"inLanguage":"pt-BR","potentialAction":[{"@type":"ReadAction","target":["https:\/\/autoescolaveneza.com\/index.php\/contato\/"]}]},{"@type":"BreadcrumbList","@id":"https:\/\/autoescolaveneza.com\/index.php\/contato\/#breadcrumb","itemListElement":[{"@type":"ListItem","position":1,"name":"In\u00edcio","item":"https:\/\/autoescolaveneza.com\/"},{"@type":"ListItem","position":2,"name":"Contato"}]},{"@type":"WebSite","@id":"https:\/\/autoescolaveneza.com\/#website","url":"https:\/\/autoescolaveneza.com\/","name":"Autoescola Veneza em Ribeir\u00e3o Preto - SP","description":"Autoescola Veneza em Ribeir\u00e3o Preto!","publisher":{"@id":"https:\/\/autoescolaveneza.com\/#organization"},"potentialAction":[{"@type":"SearchAction","target":{"@type":"EntryPoint","urlTemplate":"https:\/\/autoescolaveneza.com\/?s={search_term_string}"},"query-input":{"@type":"PropertyValueSpecification","valueRequired":true,"valueName":"search_term_string"}}],"inLanguage":"pt-BR"},{"@type":"Organization","@id":"https:\/\/autoescolaveneza.com\/#organization","name":"Autoescola Veneza em Ribeir\u00e3o Preto","url":"https:\/\/autoescolaveneza.com\/","logo":{"@type":"ImageObject","inLanguage":"pt-BR","@id":"https:\/\/autoescolaveneza.com\/#\/schema\/logo\/image\/","url":"https:\/\/autoescolaveneza.com\/wp-content\/uploads\/2018\/07\/Logo-site-header-e1534345976454.png","contentUrl":"https:\/\/autoescolaveneza.com\/wp-content\/uploads\/2018\/07\/Logo-site-header-e1534345976454.png","width":400,"height":203,"caption":"Autoescola Veneza em Ribeir\u00e3o Preto"},"image":{"@id":"https:\/\/autoescolaveneza.com\/#\/schema\/logo\/image\/"},"sameAs":["https:\/\/www.facebook.com\/Autoescolaedespachanteveneza\/","https:\/\/www.instagram.com\/aeveneza\/"]}]}},"_links":{"self":[{"href":"https:\/\/autoescolaveneza.com\/index.php\/wp-json\/wp\/v2\/pages\/1640","targetHints":{"allow":["GET"]}}],"collection":[{"href":"https:\/\/autoescolaveneza.com\/index.php\/wp-json\/wp\/v2\/pages"}],"about":[{"href":"https:\/\/autoescolaveneza.com\/index.php\/wp-json\/wp\/v2\/types\/page"}],"author":[{"embeddable":true,"href":"https:\/\/autoescolaveneza.com\/index.php\/wp-json\/wp\/v2\/users\/1"}],"replies":[{"embeddable":true,"href":"https:\/\/autoescolaveneza.com\/index.php\/wp-json\/wp\/v2\/comments?post=1640"}],"version-history":[{"count":1,"href":"https:\/\/autoescolaveneza.com\/index.php\/wp-json\/wp\/v2\/pages\/1640\/revisions"}],"predecessor-version":[{"id":1996,"href":"https:\/\/autoescolaveneza.com\/index.php\/wp-json\/wp\/v2\/pages\/1640\/revisions\/1996"}],"wp:attachment":[{"href":"https:\/\/autoescolaveneza.com\/index.php\/wp-json\/wp\/v2\/media?parent=1640"}],"curies":[{"name":"wp","href":"https:\/\/api.w.org\/{rel}","templated":true}]}}